it of y/(-4) + (-5)/(-10)?
1
Suppose -88*g + 1425 = -83*g. What is the tens digit of g?
8
Let n(j) = 5*j - 10. What is the tens digit of n(9)?
3
Suppose -5*h + 9 = r, 6*h + 3*r = h + 7. Let v(j) = h*j + 4*j + 11*j. What is the tens digit of v(1)?
1
Suppose 0 = -2*h - 3*h - 40. Let u be ((-12)/h)/((-1)/(-20)). Suppose w + 5 = -3*z, -3*z - z = -2*w + u. What is the units digit of w?
7
What is the hundreds digit of (-2618)/(-9) + 15/135?
2
Suppose 0 = -3*w - 2*i - 3*i - 33, -w - 5*i = 11. Suppose -2*h - 12 = -0*h. Let s = h - w. What is the units digit of s?
5
Suppose -o - 4 = 5. What is the tens digit of (34/6)/((-3)/o)?
1
Suppose -8 = m - 2*x, 4*m + 2*x = 5 + 3. Suppose m = -2*z - 0*z + 22. What is the tens digit of z?
1
Suppose -5*v = 2*g + 2, -4*v + g + 1 = -2*v. Let i = v - 4. Let l = 5 + i. What is the units digit of l?
1
Let p(b) = 3*b**2 + b. Let y be p(-1). What is the units digit of y*6*8/12?
8
Let l(q) = 0*q**2 + 2*q**3 - q**3 - 6 + 8*q**2 + 0*q**3 + 5*q. What is the units digit of l(-7)?
8
Suppose -w - w + 90 = 0. What is the tens digit of w?
4
Let q(p) = 10*p - 2. Let i be q(2). What is the units digit of i + 2/((-3)/3)?
6
Let t = 28 - 60. Let g = -24 - t. What is the units digit of g?
8
Suppose 0 = -4*h - 3*w + 15, -7 = -3*h + w + w. Suppose -h*j = -j - 56. Suppose -j = -4*a + 4*q, -5*a = -3*q + 4 - 47. What is the units digit of a?
1
Let z = -100 + 192. What is the units digit of z?
2
Let u be (2/4 - -1)*12. Suppose 2*s - 10 = u. What is the units digit of s?
4
What is the tens digit of 15 + ((-3)/(-9) - 22/(-6))?
1
Let q(c) = c - 1. Let r be q(3). Suppose -2*k - r*y = y - 48, -5*k + 107 = y. What is the units digit of k?
1
Let c(t) = 17*t + 6. What is the units digit of c(4)?
4
Let i be (6/9)/(3/9). Suppose i*x - 5 = -1. What is the units digit of x?
2
What is the units digit of ((-36)/(-48))/((-2)/(-16))?
6
Suppose -3*g = a - 16, a - 17 + 5 = -g. What is the units digit of 32/a*15/6?
8
Suppose -383 - 541 = -3*g. What is the hundreds digit of g?
3
Let t(l) = l**3 + 10*l**2 + 13*l - 7. What is the tens digit of t(-7)?
4
Suppose 4*b + a = 9, -2*b + 2*a = 7*a + 9. Suppose x - b = 4. What is the units digit of x?
7
Let r be (3/(-9))/((-4)/312). Let p = r + 5. What is the tens digit of p?
3
Let k(n) be the second derivative of n**7/1260 - n**6/360 - n**5/40 + n**4/6 + 3*n. Let x(v) be the third derivative of k(v). What is the units digit of x(3)?
9
Suppose 0 = 9*p - 217 - 494. What is the tens digit of p?
7
Suppose -4*i = -2*a - a - 25, 0 = -4*a - 3*i. Let s be (-1)/(-1 + 2) - a. What is the units digit of 3*(-2)/(-2) + s?
5
Let p(f) be the second derivative of 3*f**5/20 - f**4/6 + f**3/3 + f**2/2 - f. What is the tens digit of p(2)?
2
Suppose -2*k - m + 130 = -5*m, -k = 5*m - 58. What is the units digit of k?
3
Let s(i) = i**3 - i**2 - 3*i + 3. Let j(q) = 2*q**2 + 2*q + 1. Let n be j(-2). Let y be (2 - -1)*(n - 4). What is the tens digit of s(y)?
1
Suppose -2*v - v = -54. What is the units digit of v?
8
Suppose -1 = -d - 0. Let c be (-2)/(-6)*d*12. Suppose b - 4*f = 5, 5*b + 2*f - 25 = c*f. What is the units digit of b?
5
Let t be -7 + 10 + 3*2. Let j = t + -4. Suppose -8 = -j*i + i. What is the units digit of i?
2
Suppose -s + 1 = -0. Suppose 3*l = s + 2. What is the units digit of l?
1
Suppose 2*k + 71 = 3*n, 0 = -k - k - 2. Let i = n - 16. What is the units digit of i?
7
Let b(k) = k**3 + 5*k**2 - 8*k - 9. Let u be b(-6). Suppose -4*m - 2*y + 16 = 0, u*m - 4*y + 2*y = 19. What is the units digit of m?
5
Suppose -3*v = 5*x - 24, -v - 2*x + 3 = -6. Let b = 7 + v. Suppose 2*w - b = w. What is the units digit of w?
0
Let i(x) = -x**3 + 2*x**2 - x. Let o be i(2). What is the tens digit of (o/6)/((-2)/66)?
1
Suppose -9*c - 2*c = -44. What is the units digit of c?
4
Let k = -1 + 0. Let g be (-7)/((-35)/40) + 0. Let j = k + g. What is the units digit of j?
7
Let k = -12 - -51. What is the units digit of k?
9
Let d = -170 - -350. What is the tens digit of d?
8
Let s(v) = 4*v + 1. Let o(k) = -2*k. Let b(z) = 5*o(z) + 2*s(z). Suppose 5*j + 42 = 12. What is the tens digit of b(j)?
1
Suppose 5*w = w + 28. What is the tens digit of ((-6)/w)/(5/(-140))?
2
What is the units digit of (-2)/((-5)/(60/8))?
3
Let o = 21 - 1. Suppose -h - 4*n - 13 = 0, o = -4*n - n. Suppose -28 = -7*j + h*j. What is the units digit of j?
7
Let s(b) = b**2 + 4*b - 9. What is the tens digit of s(-13)?
0
Let x = 19 - -26. What is the tens digit of x?
4
Suppose 22 = -v - 4*l, -42 = 3*v - 5*l + 75. Let x(d) = -d**3 + 9*d**2 + 9*d + 7. Let c be x(10). What is the tens digit of v/c - 6/(-9)?
1
Suppose -238 = -k + 3*g, g - 22 = -k + 224. What is the units digit of k?
4
Let v be (3 - 5) + 18 - 2. Suppose x - v = w + 2*w, -8 = 4*x + 4*w. Suppose -1 = x*k + r, 2*k + 6 = 3*r + 25. What is the units digit of k?
2
Let d = 1 - -2. Suppose -d*t + 2 = -2*t. Suppose 0*a = t*a - 6. What is the units digit of a?
3
Suppose -5*j = -j - 8. Suppose j*d = -s - d + 28, 108 = 3*s + 3*d. What is the units digit of s?
0
Suppose 0 = i - 0*i - 37. What is the tens digit of i?
3
Suppose -k - 2*k + 21 = i, 4*k - 18 = -i. Let o = -6 + i. What is the tens digit of o?
2
Let y(x) = 25*x + 46. What is the hundreds digit of y(11)?
3
Suppose 3*x + 3*f = -2*f + 42, 0 = 2*x + 5*f - 28. Let y = x + -20. What is the units digit of 2/y*(-9 + 3)?
2
What is the hundreds digit of (-8602)/(-26) + ((-96)/78)/(-8)?
3
Let c be (-4)/8 - 490/(-4). Suppose 0 = 5*p - c - 203. Suppose 6*s = s + p. What is the units digit of s?
3
Suppose 5*g - 5*m - 25 = 0, -5 = 2*g + 5*m - 2*m. Suppose 4*t + 17 = r, -g*t + 107 = 7*r - 2*r. What is the units digit of r?
1
Let h(p) = -p**3 + 4*p**2 + 5*p + 2. Let r be h(5). Suppose -r*m - 7 = -1. What is the units digit of m*3/(-3) - 2?
1
Let n be -5*2*(-1)/2. Suppose -n*v - 5*o = -9 - 11, -7 = -v - 4*o. What is the units digit of v?
3
Let h(z) = -3*z - 6. Let a(c) = 3*c + 5. Let k(g) = 6*a(g) + 5*h(g). Let w be k(1). Suppose 0 = -2*r + w*r - 6. What is the units digit of r?
6
Suppose 2 - 38 = -3*o. Suppose -4*a + 4 = 3*b, 4*a + o = -2*b + b. What is the units digit of b?
8
Suppose -2*n = -3*l - 93, 5*l - 270 = -4*n - n. What is the units digit of n?
1
Suppose -21 = -3*p - 0*p. Suppose 39 = u + p. What is the units digit of u?
2
Suppose -3*j + 355 + 35 = 0. What is the units digit of j?
0
Let w = -4 - -4. Suppose -5*l - 2*n + 20 = w, 3*n = -l - 2*l + 3. What is the units digit of l?
6
Let q = 49 - 29. Suppose -3*f - f = -q. What is the units digit of (0 + 1)/(1/f)?
5
Let v be 0 + 24 - (-2)/(-1). Let z = -15 + v. What is the units digit of z?
7
Suppose g - 4*t + t = 25, -g - 4*t = 10. Let f(n) = -3*n + 9. Let b be f(g). Let u = b + 31. What is the tens digit of u?
1
What is the units digit of -1 - 2 - -1 - 88/(-2)?
2
Let y(q) = -q**2 + 15*q + 2. Let w be y(15). What is the units digit of 9/5 - w/(-10)?
2
Suppose 7 = 3*a - 11. Suppose a*k - 36 = 2*k. Let v = -6 + k. What is the units digit of v?
3
Suppose 132 - 17 = 5*h. What is the tens digit of h?
2
Suppose 0 = -f + n + 22, -3*f - 2*n + 65 = 9. Suppose -4*x - f = -7*j + 3*j, -x - 15 = -2*j. What is the units digit of (8/j)/(2/50)?
0
Let w(i) = -i - 1. Let o be w(-4). Suppose -p + 5*x + 6 = x, 0 = -o*p - x + 57. What is the tens digit of p?
1
Let v(o) = o**2 - 3*o - 1. What is the units digit of v(-3)?
7
Suppose 24 = 4*g - 4*b + 8*b, 4*g - 5*b - 6 = 0. Let y = g + -2. Suppose -y*o = -7 - 13. What is the tens digit of o?
1
Let d(c) = c**3 - 4*c**2 + c - 6. Suppose 15 = 2*p + p. What is the units digit of d(p)?
4
Let b = 52 + -34. What is the units digit of b?
8
Let c(q) = 8*q - 16. What is the units digit of c(5)?
4
Suppose -y = -4*y + 93. What is the tens digit of y?
3
Let x = -52 + 76. Let y = x + -17. What is the units digit of y?
7
Let h(c) = -6*c. Let l be h(1). Let j(a) = -a**3 - a**2 - a. Let x(g) = -4*g**3 - 10*g**2 - 11*g + 3. Let m(u) = -3*j(u) + x(u). What is the tens digit of m(l)?
1
Let i = -39 + 115. What is the tens digit of i?
7
Let i = -15 - -24. What is the units digit of i?
9
Suppose 5*p + 5*y = 0, -2*p - 3*y + 6 = -7*y. What is the units digit of p?
1
Let f be ((-6)/24)/(1/(-92)). Let p = f - 8. What is the units digit of p?
5
Let h be ((-2)/(-4))/(2/(-4)). Let m = h + 36. What is the tens digit of m?
3
Let c(t) = t. Let 